{"id":178,"date":"2024-10-21T11:11:05","date_gmt":"2024-10-21T09:11:05","guid":{"rendered":"https:\/\/lyradelalyre.com\/?page_id=178"},"modified":"2024-11-25T14:19:39","modified_gmt":"2024-11-25T13:19:39","slug":"tome-iii","status":"publish","type":"page","link":"https:\/\/lyradelalyre.com\/index.php\/tome-iii\/","title":{"rendered":"Tome III"},"content":{"rendered":"<p>[et_pb_section fb_built=\u00a0\u00bb1&Prime; _builder_version=\u00a0\u00bb4.26.0&Prime; _module_preset=\u00a0\u00bbdefault\u00a0\u00bb background_enable_color=\u00a0\u00bboff\u00a0\u00bb use_background_color_gradient=\u00a0\u00bboff\u00a0\u00bb background_image=\u00a0\u00bbhttps:\/\/lyradelalyre.com\/wp-content\/uploads\/2024\/10\/fond-7-8-9-10-.webp\u00a0\u00bb background_size=\u00a0\u00bbcover\u00a0\u00bb global_colors_info=\u00a0\u00bb{}\u00a0\u00bb][et_pb_row column_structure=\u00a0\u00bb1_2,1_2&Prime; _builder_version=\u00a0\u00bb4.26.0&Prime; _module_preset=\u00a0\u00bbdefault\u00a0\u00bb global_colors_info=\u00a0\u00bb{}\u00a0\u00bb][et_pb_column type=\u00a0\u00bb1_2&Prime; _builder_version=\u00a0\u00bb4.26.0&Prime; _module_preset=\u00a0\u00bbdefault\u00a0\u00bb global_colors_info=\u00a0\u00bb{}\u00a0\u00bb][et_pb_image src=\u00a0\u00bbhttps:\/\/lyradelalyre.com\/wp-content\/uploads\/2024\/10\/IMG_1331.webp\u00a0\u00bb title_text=\u00a0\u00bbIMG_1331&Prime; _builder_version=\u00a0\u00bb4.26.0&Prime; _module_preset=\u00a0\u00bbdefault\u00a0\u00bb global_colors_info=\u00a0\u00bb{}\u00a0\u00bb][\/et_pb_image][\/et_pb_column][et_pb_column type=\u00a0\u00bb1_2&Prime; _builder_version=\u00a0\u00bb4.26.0&Prime; _module_preset=\u00a0\u00bbdefault\u00a0\u00bb global_colors_info=\u00a0\u00bb{}\u00a0\u00bb][et_pb_image src=\u00a0\u00bbhttps:\/\/lyradelalyre.com\/wp-content\/uploads\/2024\/11\/image-13.png\u00a0\u00bb title_text=\u00a0\u00bbimage\u00a0\u00bb _builder_version=\u00a0\u00bb4.26.0&Prime; _module_preset=\u00a0\u00bbdefault\u00a0\u00bb global_colors_info=\u00a0\u00bb{}\u00a0\u00bb][\/et_pb_image][\/et_pb_column][\/et_pb_row][et_pb_row _builder_version=\u00a0\u00bb4.26.0&Prime; _module_preset=\u00a0\u00bbdefault\u00a0\u00bb global_colors_info=\u00a0\u00bb{}\u00a0\u00bb][et_pb_column type=\u00a0\u00bb4_4&Prime; _builder_version=\u00a0\u00bb4.26.0&Prime; _module_preset=\u00a0\u00bbdefault\u00a0\u00bb global_colors_info=\u00a0\u00bb{}\u00a0\u00bb][et_pb_text _builder_version=\u00a0\u00bb4.26.0&Prime; _module_preset=\u00a0\u00bbdefault\u00a0\u00bb text_text_color=\u00a0\u00bb#FFFFFF\u00a0\u00bb global_colors_info=\u00a0\u00bb{%22gcid-primary-color%22:%91%22link_text_color%22%93,%22gcid-heading-color%22:%91%22header_text_color%22,%22header_4_text_color%22,%22header_3_text_color%22,%22header_2_text_color%22,%22header_5_text_color%22,%22header_6_text_color%22,%22quote_text_color%22%93,%22gcid-secondary-color%22:%91%22quote_border_color%22%93}\u00a0\u00bb]<\/p>\n<div class=\"page\" title=\"Page 9\">\n<div class=\"section\">\n<div class=\"layoutArea\">\n<div class=\"column\">\n<p><span style=\"font-size: x-large;\"><strong>Charte de la Nouvelle Terre &#8211; Tome <\/strong><strong>III<br \/><\/strong><\/span><span>En route pour Terra Nova<br \/><\/span><\/p>\n<div class=\"page\" title=\"Page 10\">\n<div class=\"section\">\n<div class=\"layoutArea\">\n<div class=\"column\">\n<p class=\"p1\"><i>Sagesses des civilisations stellaires :<br \/>Peuple des Pl\u00e9iades et de la Lyre.<\/i><\/p>\n<p><i>Acad\u00e9mie du cercle lunaire de l\u2019Alliance Conf\u00e9d\u00e9r\u00e9e des Galactiques Libres et Souverains<\/i><\/p>\n<p class=\"p2\"><span><\/span><\/p>\n<\/div>\n<\/div>\n<\/div>\n<\/div>\n<p><span><\/span><\/p>\n<div class=\"page\" title=\"Page 9\">\n<div class=\"section\">\n<div class=\"layoutArea\">\n<div class=\"column\"><\/div>\n<\/div>\n<div class=\"layoutArea\">\n<div class=\"column\">\n<div class=\"page\" title=\"Page 10\">\n<div class=\"section\">\n<div class=\"layoutArea\">\n<div class=\"column\">\n<p>La Charte dans ce tome III, se poursuit dans le cosmos &#8230;<br \/>Les peuples de Pl\u00e9iades et de la Lyre, nous offrent leurs sagesses inspirantes. Cette extraordinaire \u00e9pop\u00e9e nous fait voyager au coeur de civilisations inconnues des terriens, o\u00f9 l\u2019\u00e9chelle des valeurs, le mode de vie, la technologie, l\u2019organisation soci\u00e9tale diff\u00e8rent \u00e9norm\u00e9ment des mod\u00e8les structurels et id\u00e9ologiques terriens. Il n\u2019est pas du tout incoh\u00e9rent que ces \u00eatres galactiques participent \u00e0 cette Charte puisqu\u2019ils font partie de pass\u00e9 et futur de la Terre ; mais aussi du pr\u00e9sent : non visibles pour la plupart des terriens n\u00e9anmoins bien actifs dans notre histoire comme vous allez le d\u00e9couvrir.<\/p>\n<p>Ce tome nous rappelle que notre plan\u00e8te Terre qui semblait isol\u00e9e du reste de l\u2019Espace, n\u2019est qu\u2019une illusion de plus.<br \/>Lyra vous partage \u00e9galement une nouvelle aventure qui diff\u00e8re des autres Tomes, puisqu\u2019elle accepte de suivre une formation au sein de l\u2019Acad\u00e9mie du cercle lunaire, donc sur la Lune &#8230; organis\u00e9e par L\u2019alliance conf\u00e9d\u00e9r\u00e9e galactique d\u2019\u00eatre libre et souverain. Partez \u00e0 la d\u00e9couverte de nouvelles magies, r\u00e9v\u00e9lations et exp\u00e9riences fantastiques, riches en rebondissements, pour rentrer dans un tout nouvel univers stup\u00e9fiant !<\/p>\n<p><strong>C\u2019est en ouvrant notre esprit \u00e0 d\u2019autres possibilit\u00e9s infinies \u00e0 \u00eatre, agir et interagir, que nous pourrons construire une toute nouvelle existence sans limites &#8230;<\/strong><\/p>\n<\/div>\n<\/div>\n<\/div>\n<\/div>\n<\/div>\n<\/div>\n<\/div>\n<\/div>\n<\/div>\n<\/div>\n<\/div>\n<\/div>\n<p>[\/et_pb_text][\/et_pb_column][\/et_pb_row][et_pb_row _builder_version=\u00a0\u00bb4.26.0&Prime; _module_preset=\u00a0\u00bbdefault\u00a0\u00bb custom_padding=\u00a0\u00bb4px||3px|||\u00a0\u00bb global_colors_info=\u00a0\u00bb{}\u00a0\u00bb][et_pb_column type=\u00a0\u00bb4_4&Prime; _builder_version=\u00a0\u00bb4.26.0&Prime; _module_preset=\u00a0\u00bbdefault\u00a0\u00bb global_colors_info=\u00a0\u00bb{}\u00a0\u00bb][et_pb_button button_text=\u00a0\u00bbProchainement disponible\u00a0\u00bb button_alignment=\u00a0\u00bbleft\u00a0\u00bb button_alignment_last_edited=\u00a0\u00bboff|tablet\u00a0\u00bb _builder_version=\u00a0\u00bb4.26.0&Prime; button_text_size=\u00a0\u00bb15px\u00a0\u00bb button_bg_color=\u00a0\u00bb#a9804a\u00a0\u00bb button_border_radius=\u00a0\u00bb5px\u00a0\u00bb button_font=\u00a0\u00bbJosefin Sans|600|||||||\u00a0\u00bb background_layout=\u00a0\u00bbdark\u00a0\u00bb custom_padding=\u00a0\u00bb5px|15px|5px|15px|true|true\u00a0\u00bb button_text_size_tablet=\u00a0\u00bb18px\u00a0\u00bb button_text_size_phone=\u00a0\u00bb14px\u00a0\u00bb button_text_size_last_edited=\u00a0\u00bbon|phone\u00a0\u00bb locked=\u00a0\u00bboff\u00a0\u00bb global_colors_info=\u00a0\u00bb{}\u00a0\u00bb][\/et_pb_button][\/et_pb_column][\/et_pb_row][et_pb_row _builder_version=\u00a0\u00bb4.26.0&Prime; _module_preset=\u00a0\u00bbdefault\u00a0\u00bb global_colors_info=\u00a0\u00bb{}\u00a0\u00bb][et_pb_column type=\u00a0\u00bb4_4&Prime; _builder_version=\u00a0\u00bb4.26.0&Prime; _module_preset=\u00a0\u00bbdefault\u00a0\u00bb global_colors_info=\u00a0\u00bb{}\u00a0\u00bb][et_pb_image src=\u00a0\u00bbhttps:\/\/lyradelalyre.com\/wp-content\/uploads\/2024\/10\/IMG_1309.webp\u00a0\u00bb title_text=\u00a0\u00bbIMG_1309&Prime; _builder_version=\u00a0\u00bb4.26.0&Prime; _module_preset=\u00a0\u00bbdefault\u00a0\u00bb width=\u00a0\u00bb50%\u00a0\u00bb module_alignment=\u00a0\u00bbcenter\u00a0\u00bb global_colors_info=\u00a0\u00bb{}\u00a0\u00bb][\/et_pb_image][\/et_pb_column][\/et_pb_row][\/et_pb_section]<\/p>\n","protected":false},"excerpt":{"rendered":"<p>Charte de la Nouvelle Terre &#8211; Tome IIIEn route pour Terra Nova Sagesses des civilisations stellaires :Peuple des Pl\u00e9iades et de la Lyre. Acad\u00e9mie du cercle lunaire de l\u2019Alliance Conf\u00e9d\u00e9r\u00e9e des Galactiques Libres et Souverains La Charte dans ce tome III, se poursuit dans le cosmos &#8230;Les peuples de Pl\u00e9iades et de la Lyre, nous [&hellip;]<\/p>\n","protected":false},"author":1,"featured_media":0,"parent":0,"menu_order":0,"comment_status":"closed","ping_status":"closed","template":"","meta":{"_et_pb_use_builder":"on","_et_pb_old_content":"","_et_gb_content_width":"","footnotes":""},"class_list":["post-178","page","type-page","status-publish","hentry"],"_links":{"self":[{"href":"https:\/\/lyradelalyre.com\/index.php\/wp-json\/wp\/v2\/pages\/178","targetHints":{"allow":["GET"]}}],"collection":[{"href":"https:\/\/lyradelalyre.com\/index.php\/wp-json\/wp\/v2\/pages"}],"about":[{"href":"https:\/\/lyradelalyre.com\/index.php\/wp-json\/wp\/v2\/types\/page"}],"author":[{"embeddable":true,"href":"https:\/\/lyradelalyre.com\/index.php\/wp-json\/wp\/v2\/users\/1"}],"replies":[{"embeddable":true,"href":"https:\/\/lyradelalyre.com\/index.php\/wp-json\/wp\/v2\/comments?post=178"}],"version-history":[{"count":5,"href":"https:\/\/lyradelalyre.com\/index.php\/wp-json\/wp\/v2\/pages\/178\/revisions"}],"predecessor-version":[{"id":466,"href":"https:\/\/lyradelalyre.com\/index.php\/wp-json\/wp\/v2\/pages\/178\/revisions\/466"}],"wp:attachment":[{"href":"https:\/\/lyradelalyre.com\/index.php\/wp-json\/wp\/v2\/media?parent=178"}],"curies":[{"name":"wp","href":"https:\/\/api.w.org\/{rel}","templated":true}]}}