{"id":174,"date":"2024-10-21T11:03:02","date_gmt":"2024-10-21T09:03:02","guid":{"rendered":"https:\/\/lyradelalyre.com\/?page_id=174"},"modified":"2025-12-27T06:43:54","modified_gmt":"2025-12-27T05:43:54","slug":"tome-ii","status":"publish","type":"page","link":"https:\/\/lyradelalyre.com\/index.php\/tome-ii\/","title":{"rendered":"Tome II"},"content":{"rendered":"<p>[et_pb_section fb_built=\u00a0\u00bb1&Prime; _builder_version=\u00a0\u00bb4.26.0&Prime; _module_preset=\u00a0\u00bbdefault\u00a0\u00bb use_background_color_gradient=\u00a0\u00bboff\u00a0\u00bb background_image=\u00a0\u00bbhttps:\/\/lyradelalyre.com\/wp-content\/uploads\/2024\/10\/fond-7-8-9-10-.webp\u00a0\u00bb background_size=\u00a0\u00bbcover\u00a0\u00bb global_colors_info=\u00a0\u00bb{}\u00a0\u00bb][et_pb_row column_structure=\u00a0\u00bb1_2,1_2&Prime; _builder_version=\u00a0\u00bb4.26.0&Prime; _module_preset=\u00a0\u00bbdefault\u00a0\u00bb global_colors_info=\u00a0\u00bb{}\u00a0\u00bb][et_pb_column type=\u00a0\u00bb1_2&Prime; _builder_version=\u00a0\u00bb4.26.0&Prime; _module_preset=\u00a0\u00bbdefault\u00a0\u00bb global_colors_info=\u00a0\u00bb{}\u00a0\u00bb][et_pb_image src=\u00a0\u00bbhttps:\/\/lyradelalyre.com\/wp-content\/uploads\/2024\/10\/IMG_0970-2.png\u00a0\u00bb title_text=\u00a0\u00bbIMG_0970 2&Prime; _builder_version=\u00a0\u00bb4.26.0&Prime; _module_preset=\u00a0\u00bbdefault\u00a0\u00bb global_colors_info=\u00a0\u00bb{}\u00a0\u00bb][\/et_pb_image][\/et_pb_column][et_pb_column type=\u00a0\u00bb1_2&Prime; _builder_version=\u00a0\u00bb4.26.0&Prime; _module_preset=\u00a0\u00bbdefault\u00a0\u00bb global_colors_info=\u00a0\u00bb{}\u00a0\u00bb][et_pb_image src=\u00a0\u00bbhttps:\/\/lyradelalyre.com\/wp-content\/uploads\/2024\/10\/IMG_0967-2.png\u00a0\u00bb title_text=\u00a0\u00bbIMG_0967 2&Prime; _builder_version=\u00a0\u00bb4.26.0&Prime; _module_preset=\u00a0\u00bbdefault\u00a0\u00bb global_colors_info=\u00a0\u00bb{}\u00a0\u00bb][\/et_pb_image][\/et_pb_column][\/et_pb_row][et_pb_row _builder_version=\u00a0\u00bb4.26.0&Prime; _module_preset=\u00a0\u00bbdefault\u00a0\u00bb global_colors_info=\u00a0\u00bb{}\u00a0\u00bb][et_pb_column type=\u00a0\u00bb4_4&Prime; _builder_version=\u00a0\u00bb4.26.0&Prime; _module_preset=\u00a0\u00bbdefault\u00a0\u00bb global_colors_info=\u00a0\u00bb{}\u00a0\u00bb][et_pb_text _builder_version=\u00a0\u00bb4.26.0&Prime; _module_preset=\u00a0\u00bbdefault\u00a0\u00bb text_text_color=\u00a0\u00bb#FFFFFF\u00a0\u00bb global_colors_info=\u00a0\u00bb{%22gcid-primary-color%22:%91%22link_text_color%22%93,%22gcid-heading-color%22:%91%22header_text_color%22,%22header_4_text_color%22,%22header_3_text_color%22,%22header_2_text_color%22,%22header_5_text_color%22,%22header_6_text_color%22,%22quote_text_color%22%93,%22gcid-secondary-color%22:%91%22quote_border_color%22%93}\u00a0\u00bb]<\/p>\n<div class=\"page\" title=\"Page 9\">\n<div class=\"section\">\n<div class=\"layoutArea\">\n<div class=\"column\">\n<p><span style=\"font-size: x-large;\"><strong>Charte de la Nouvelle Terre &#8211; Tome <\/strong><strong>II<br \/><\/strong><\/span><span>En route pour Terra Nova<br \/><\/span><\/p>\n<div class=\"page\" title=\"Page 10\">\n<div class=\"section\">\n<div class=\"layoutArea\">\n<div class=\"column\">\n<p><span>Sagesses des civilisations anciennes <\/span><span><\/span><span>d\u2019Ame\u0301rique du Nord et d\u2019Ame\u0301rique du sud<\/span><\/p>\n<p><span><\/span><\/p>\n<\/div>\n<\/div>\n<\/div>\n<\/div>\n<p><span><\/span><\/p>\n<div class=\"page\" title=\"Page 9\">\n<div class=\"section\">\n<div class=\"layoutArea\">\n<div class=\"column\"><\/div>\n<\/div>\n<div class=\"layoutArea\">\n<div class=\"column\">\n<div class=\"page\" title=\"Page 10\">\n<div class=\"section\">\n<div class=\"layoutArea\">\n<div class=\"column\">\n<p>La Charte dans ce tome II, nous invite \u00e0 voyager vers un autre continent, \u00e0 la d\u00e9couverte de peuples tout aussi myst\u00e9rieux que le tome I : les peuples premiers d\u2019Am\u00e9rique du Nord, les peuples modernes d\u2019Amazonie et les fascinants peuples mayas. Chacun, enrichit par sa culture \u00e9tonnante, nos perceptions et nous aident dans nos prises de consciences personnelles et plan\u00e9taires. Ces sages, cette fois-ci, anciennement ou actuellement incarn\u00e9es terrestres, sont parfaitement conscients de leur puissance et de nos ressources vibratoires. Ils s\u2019adressent \u00e0 la fois aux lecteurs ainsi qu\u2019\u00e0 Lyra qui s\u2019immerge dans leur monde. Il est tr\u00e8s int\u00e9ressant de comparer les diff\u00e9rentes versions de ces sagesses lumineuses, selon leur culture, adaptatives \u00e0 un environnement et mode de vie sp\u00e9cifiques, qui compl\u00e8tent parfaitement les autres tomes.<\/p>\n<p>Vous pourriez \u00eatre surpris, par la diversit\u00e9 de leurs sciences, magies, niveaux de compr\u00e9hension sur des sujets fondamentaux terrestres et galactiques.. Toutes ces civilisations ultra connect\u00e9es aux autres dimensions, donnent des cl\u00e9s et des r\u00e9v\u00e9lations pour aller \u00e0 la d\u00e9couverte de vos propres connaissances et tr\u00e9sors en utilisant la reliance avec votre c\u0153ur, conscience sup\u00e9rieure, multi dimensionnalit\u00e9 et universalit\u00e9.<\/p>\n<p><strong>Des p\u00e9pites du pass\u00e9 nourrissent et enrichissent notre pr\u00e9sent et futur &#8230; Bienvenue chez les repr\u00e9sentants, r\u00e9sistants et guerriers de la sagesse universelle de Terra Nova !<\/strong><\/p>\n<\/div>\n<\/div>\n<\/div>\n<\/div>\n<\/div>\n<\/div>\n<\/div>\n<\/div>\n<\/div>\n<\/div>\n<\/div>\n<\/div>\n<p>[\/et_pb_text][et_pb_button button_url=\u00a0\u00bbhttps:\/\/lyradelalyre.com\/index.php\/produit\/charte-de-la-nouvelle-terre-tome-ii\/\u00a0\u00bb button_text=\u00a0\u00bbCommander le TOME II\u00a0\u00bb button_alignment=\u00a0\u00bbleft\u00a0\u00bb button_alignment_last_edited=\u00a0\u00bboff|tablet\u00a0\u00bb _builder_version=\u00a0\u00bb4.27.4&Prime; button_text_size=\u00a0\u00bb15px\u00a0\u00bb button_bg_color=\u00a0\u00bb#a9804a\u00a0\u00bb button_border_radius=\u00a0\u00bb5px\u00a0\u00bb button_font=\u00a0\u00bbJosefin Sans|600|||||||\u00a0\u00bb background_layout=\u00a0\u00bbdark\u00a0\u00bb custom_padding=\u00a0\u00bb5px|15px|5px|15px|true|true\u00a0\u00bb hover_enabled=\u00a0\u00bb0&Prime; button_text_size_tablet=\u00a0\u00bb18px\u00a0\u00bb button_text_size_phone=\u00a0\u00bb14px\u00a0\u00bb button_text_size_last_edited=\u00a0\u00bbon|phone\u00a0\u00bb locked=\u00a0\u00bboff\u00a0\u00bb global_colors_info=\u00a0\u00bb{}\u00a0\u00bb sticky_enabled=\u00a0\u00bb0&Prime;][\/et_pb_button][\/et_pb_column][\/et_pb_row][et_pb_row column_structure=\u00a0\u00bb1_3,1_3,1_3&Prime; _builder_version=\u00a0\u00bb4.26.0&Prime; _module_preset=\u00a0\u00bbdefault\u00a0\u00bb global_colors_info=\u00a0\u00bb{}\u00a0\u00bb][et_pb_column type=\u00a0\u00bb1_3&Prime; _builder_version=\u00a0\u00bb4.26.0&Prime; _module_preset=\u00a0\u00bbdefault\u00a0\u00bb global_colors_info=\u00a0\u00bb{}\u00a0\u00bb][et_pb_image src=\u00a0\u00bbhttps:\/\/lyradelalyre.com\/wp-content\/uploads\/2025\/12\/58NKIXhlQXmKaja5BoGonQ_upscayl_16x_realesrgan-x4plus-copie.jpeg\u00a0\u00bb title_text=\u00a0\u00bb58NKIXhlQXmKaja5BoGonQ_upscayl_16x_realesrgan-x4plus copie\u00a0\u00bb _builder_version=\u00a0\u00bb4.27.4&Prime; _module_preset=\u00a0\u00bbdefault\u00a0\u00bb global_colors_info=\u00a0\u00bb{}\u00a0\u00bb][\/et_pb_image][\/et_pb_column][et_pb_column type=\u00a0\u00bb1_3&Prime; _builder_version=\u00a0\u00bb4.26.0&Prime; _module_preset=\u00a0\u00bbdefault\u00a0\u00bb global_colors_info=\u00a0\u00bb{}\u00a0\u00bb][et_pb_image src=\u00a0\u00bbhttps:\/\/lyradelalyre.com\/wp-content\/uploads\/2025\/12\/yX0L75uqT52ssGhh6XvKdA_upscayl_16x_realesrgan-x4plus.jpeg\u00a0\u00bb title_text=\u00a0\u00bbyX0L75uqT52ssGhh6XvKdA_upscayl_16x_realesrgan-x4plus\u00a0\u00bb _builder_version=\u00a0\u00bb4.27.4&Prime; _module_preset=\u00a0\u00bbdefault\u00a0\u00bb global_colors_info=\u00a0\u00bb{}\u00a0\u00bb][\/et_pb_image][\/et_pb_column][et_pb_column type=\u00a0\u00bb1_3&Prime; _builder_version=\u00a0\u00bb4.26.0&Prime; _module_preset=\u00a0\u00bbdefault\u00a0\u00bb global_colors_info=\u00a0\u00bb{}\u00a0\u00bb][et_pb_image src=\u00a0\u00bbhttps:\/\/lyradelalyre.com\/wp-content\/uploads\/2025\/12\/Qdy8I8mrR1OmcwvCgfBeng_upscayl_16x_realesrgan-x4plus.jpeg\u00a0\u00bb title_text=\u00a0\u00bbQdy8I8mrR1OmcwvCgfBeng_upscayl_16x_realesrgan-x4plus\u00a0\u00bb _builder_version=\u00a0\u00bb4.27.4&Prime; _module_preset=\u00a0\u00bbdefault\u00a0\u00bb global_colors_info=\u00a0\u00bb{}\u00a0\u00bb][\/et_pb_image][\/et_pb_column][\/et_pb_row][\/et_pb_section]<\/p>\n","protected":false},"excerpt":{"rendered":"<p>Charte de la Nouvelle Terre &#8211; Tome IIEn route pour Terra Nova Sagesses des civilisations anciennes d\u2019Ame\u0301rique du Nord et d\u2019Ame\u0301rique du sud La Charte dans ce tome II, nous invite \u00e0 voyager vers un autre continent, \u00e0 la d\u00e9couverte de peuples tout aussi myst\u00e9rieux que le tome I : les peuples premiers d\u2019Am\u00e9rique du [&hellip;]<\/p>\n","protected":false},"author":1,"featured_media":0,"parent":0,"menu_order":0,"comment_status":"closed","ping_status":"closed","template":"","meta":{"_et_pb_use_builder":"on","_et_pb_old_content":"","_et_gb_content_width":"","footnotes":""},"class_list":["post-174","page","type-page","status-publish","hentry"],"_links":{"self":[{"href":"https:\/\/lyradelalyre.com\/index.php\/wp-json\/wp\/v2\/pages\/174","targetHints":{"allow":["GET"]}}],"collection":[{"href":"https:\/\/lyradelalyre.com\/index.php\/wp-json\/wp\/v2\/pages"}],"about":[{"href":"https:\/\/lyradelalyre.com\/index.php\/wp-json\/wp\/v2\/types\/page"}],"author":[{"embeddable":true,"href":"https:\/\/lyradelalyre.com\/index.php\/wp-json\/wp\/v2\/users\/1"}],"replies":[{"embeddable":true,"href":"https:\/\/lyradelalyre.com\/index.php\/wp-json\/wp\/v2\/comments?post=174"}],"version-history":[{"count":9,"href":"https:\/\/lyradelalyre.com\/index.php\/wp-json\/wp\/v2\/pages\/174\/revisions"}],"predecessor-version":[{"id":734,"href":"https:\/\/lyradelalyre.com\/index.php\/wp-json\/wp\/v2\/pages\/174\/revisions\/734"}],"wp:attachment":[{"href":"https:\/\/lyradelalyre.com\/index.php\/wp-json\/wp\/v2\/media?parent=174"}],"curies":[{"name":"wp","href":"https:\/\/api.w.org\/{rel}","templated":true}]}}