{"id":120,"date":"2024-10-09T16:28:40","date_gmt":"2024-10-09T14:28:40","guid":{"rendered":"https:\/\/lyradelalyre.com\/?page_id=120"},"modified":"2025-12-08T14:34:53","modified_gmt":"2025-12-08T13:34:53","slug":"la-charte-en-details","status":"publish","type":"page","link":"https:\/\/lyradelalyre.com\/index.php\/la-charte-en-details\/","title":{"rendered":"La Charte en d\u00e9tails"},"content":{"rendered":"<p>[et_pb_section fb_built=\u00a0\u00bb1&Prime; _builder_version=\u00a0\u00bb4.26.0&Prime; _module_preset=\u00a0\u00bbdefault\u00a0\u00bb background_enable_color=\u00a0\u00bboff\u00a0\u00bb use_background_color_gradient=\u00a0\u00bboff\u00a0\u00bb background_image=\u00a0\u00bbhttps:\/\/lyradelalyre.com\/wp-content\/uploads\/2024\/10\/fond-7-8-9-10-.webp\u00a0\u00bb background_size=\u00a0\u00bbcover\u00a0\u00bb width=\u00a0\u00bb100%\u00a0\u00bb max_width=\u00a0\u00bb100%\u00a0\u00bb global_colors_info=\u00a0\u00bb{}\u00a0\u00bb][et_pb_row column_structure=\u00a0\u00bb1_2,1_2&Prime; _builder_version=\u00a0\u00bb4.26.0&Prime; _module_preset=\u00a0\u00bbdefault\u00a0\u00bb width=\u00a0\u00bb90%\u00a0\u00bb max_width=\u00a0\u00bb100%\u00a0\u00bb global_colors_info=\u00a0\u00bb{}\u00a0\u00bb][et_pb_column type=\u00a0\u00bb1_2&Prime; _builder_version=\u00a0\u00bb4.26.0&Prime; _module_preset=\u00a0\u00bbdefault\u00a0\u00bb global_colors_info=\u00a0\u00bb{}\u00a0\u00bb][et_pb_text _builder_version=\u00a0\u00bb4.26.0&Prime; _module_preset=\u00a0\u00bbdefault\u00a0\u00bb text_text_color=\u00a0\u00bb#FFFFFF\u00a0\u00bb header_text_color=\u00a0\u00bb#FFFFFF\u00a0\u00bb header_2_text_color=\u00a0\u00bb#FFFFFF\u00a0\u00bb header_3_text_color=\u00a0\u00bb#FFFFFF\u00a0\u00bb header_4_text_color=\u00a0\u00bb#FFFFFF\u00a0\u00bb header_5_text_color=\u00a0\u00bb#FFFFFF\u00a0\u00bb header_6_text_color=\u00a0\u00bb#FFFFFF\u00a0\u00bb global_colors_info=\u00a0\u00bb{%22gcid-primary-color%22:%91%22link_text_color%22,%22link_text_color%22,%22link_text_color%22,%22link_text_color%22,%22link_text_color%22,%22link_text_color%22,%22link_text_color%22,%22link_text_color%22%93,%22gcid-heading-color%22:%91%22header_text_color%22,%22header_4_text_color%22,%22header_3_text_color%22,%22header_2_text_color%22,%22header_5_text_color%22,%22header_6_text_color%22,%22quote_text_color%22,%22header_text_color%22,%22header_4_text_color%22,%22header_3_text_color%22,%22header_2_text_color%22,%22header_5_text_color%22,%22quote_text_color%22,%22header_text_color%22,%22header_4_text_color%22,%22header_3_text_color%22,%22header_2_text_color%22,%22quote_text_color%22,%22header_text_color%22,%22header_3_text_color%22,%22header_2_text_color%22,%22quote_text_color%22,%22header_text_color%22,%22header_2_text_color%22,%22quote_text_color%22,%22header_text_color%22,%22quote_text_color%22,%22quote_text_color%22,%22quote_text_color%22%93,%22gcid-secondary-color%22:%91%22quote_border_color%22,%22quote_border_color%22,%22quote_border_color%22,%22quote_border_color%22,%22quote_border_color%22,%22quote_border_color%22,%22quote_border_color%22,%22quote_border_color%22%93}\u00a0\u00bb]<\/p>\n<p>Ce livre pr\u00e9sente une double lecture. La premi\u00e8re, minoritaire, est personnelle puisqu\u2019elle d\u00e9crit le parcours de Lyra avec ses : <br \/>-dialogues et \u00e9changes avec les guides <br \/>-t\u00e9moignages <br \/>-exp\u00e9riences connect\u00e9es aux sagesses distill\u00e9es afin de vous aider \u00e0 en comprendre le sens et montrer les autres potentialit\u00e9s qui s\u2019ouvrent \u00e0 vous. <br \/>-visions <br \/>-analyses du point de vue avec son niveau de compr\u00e9hension du moment, qui ne cesse et ne cessera d\u2019\u00e9voluer.<\/p>\n<p>Lyra ne pr\u00e9tends pas d\u00e9tenir la v\u00e9rit\u00e9 : \u00ab Plus j\u2019apprends, plus je r\u00e9alise \u00e0 quel point je ne sais rien. Vous aurez s\u00fbrement vous-m\u00eames, d\u2019autres interpr\u00e9tations de ces enseignements en fonction de votre niveau d\u2019\u00e9veil et v\u00e9cu. \u00bb. D\u2019autre part, la majorit\u00e9 de l\u2019ouvrage contient des recueils t\u00e9l\u00e9pathiques d\u2019une grande richesse, par la diversit\u00e9 des sages et la quantit\u00e9 de domaines fondamentaux d\u00e9velopp\u00e9s :<br \/>scientifique, m\u00e9taphysique, psychologie, biologie, g\u00e9n\u00e9tique, physique, technologie extra-terrestre et intra- terrestre, astronomie, religion, philosophie, g\u00e9opolitique terrienne et galactique, culture, architecture, histoire et civilisations anciennes, sant\u00e9, vieillesse &#8230; <\/p>\n<p>Y SONT PR\u00c9SENTS \u00c9GALEMENT DES CODES LUMINEUX DE R\u00c9ACTIVATION &#8230; Mais aussi DES PROTOCOLES pour tester votre propre magie. <\/p>\n<p><strong>CETTE CHARTE EST UNE DECLARATION D\u2019AMOUR UNIVERSELLE A CHAQUE EXPRESSION DE VIE QU\u2019ELLE SOIT, SUR TERRE OU DANS L\u2019UNIVERS. POUR CHAQUE ATOME, CHAQUE MOLECULE, CHAQUE ELEMENT, CHAQUE FORME D\u2019ENERGIE ET TOUTES LES DIMENSIONS<\/strong>.<\/p>\n<p>Si vous le souhaitez, osez faire l\u2019exp\u00e9rience de l\u00e2cher vos param\u00e8tres terriens pour embarquer dans une toute nouvelle fa\u00e7on de concevoir votre existence, votre sant\u00e9, vos interactions sociales environnementales et surtout la perception du monde !!! Chacun et chacune qui voudra bien faire le pas de partir \u00e0 la red\u00e9couverte de son v\u00e9ritable soi, sera un pilier du nouvel \u00e2ge d\u2019or naissant.<\/p>\n<p>[\/et_pb_text][\/et_pb_column][et_pb_column type=\u00a0\u00bb1_2&Prime; _builder_version=\u00a0\u00bb4.26.0&Prime; _module_preset=\u00a0\u00bbdefault\u00a0\u00bb global_colors_info=\u00a0\u00bb{}\u00a0\u00bb][et_pb_image src=\u00a0\u00bbhttps:\/\/lyradelalyre.com\/wp-content\/uploads\/2024\/11\/charte.png\u00a0\u00bb title_text=\u00a0\u00bbcharte\u00a0\u00bb _builder_version=\u00a0\u00bb4.26.0&Prime; _module_preset=\u00a0\u00bbdefault\u00a0\u00bb hover_enabled=\u00a0\u00bb0&Prime; global_colors_info=\u00a0\u00bb{}\u00a0\u00bb sticky_enabled=\u00a0\u00bb0&Prime;][\/et_pb_image][et_pb_button button_url=\u00a0\u00bb@ET-DC@eyJkeW5hbWljIjp0cnVlLCJjb250ZW50IjoicG9zdF9saW5rX3VybF9wYWdlIiwic2V0dGluZ3MiOnsicG9zdF9pZCI6IjQ3OCJ9fQ==@\u00a0\u00bb button_text=\u00a0\u00bbVoir la boutique\u00a0\u00bb button_alignment=\u00a0\u00bbleft\u00a0\u00bb button_alignment_last_edited=\u00a0\u00bboff|tablet\u00a0\u00bb _builder_version=\u00a0\u00bb4.27.4&Prime; button_text_size=\u00a0\u00bb15px\u00a0\u00bb button_bg_color=\u00a0\u00bb#a9804a\u00a0\u00bb button_border_radius=\u00a0\u00bb5px\u00a0\u00bb button_font=\u00a0\u00bbJosefin Sans|600|||||||\u00a0\u00bb background_layout=\u00a0\u00bbdark\u00a0\u00bb custom_padding=\u00a0\u00bb5px|15px|5px|15px|true|true\u00a0\u00bb hover_enabled=\u00a0\u00bb0&Prime; button_text_size_tablet=\u00a0\u00bb18px\u00a0\u00bb button_text_size_phone=\u00a0\u00bb14px\u00a0\u00bb button_text_size_last_edited=\u00a0\u00bbon|phone\u00a0\u00bb locked=\u00a0\u00bboff\u00a0\u00bb global_colors_info=\u00a0\u00bb{}\u00a0\u00bb _dynamic_attributes=\u00a0\u00bbbutton_url\u00a0\u00bb sticky_enabled=\u00a0\u00bb0&Prime;][\/et_pb_button][\/et_pb_column][\/et_pb_row][\/et_pb_section]<\/p>\n","protected":false},"excerpt":{"rendered":"<p>Ce livre pr\u00e9sente une double lecture. La premi\u00e8re, minoritaire, est personnelle puisqu\u2019elle d\u00e9crit le parcours de Lyra avec ses : -dialogues et \u00e9changes avec les guides -t\u00e9moignages -exp\u00e9riences connect\u00e9es aux sagesses distill\u00e9es afin de vous aider \u00e0 en comprendre le sens et montrer les autres potentialit\u00e9s qui s\u2019ouvrent \u00e0 vous. -visions -analyses du point de [&hellip;]<\/p>\n","protected":false},"author":1,"featured_media":0,"parent":0,"menu_order":0,"comment_status":"closed","ping_status":"closed","template":"","meta":{"_et_pb_use_builder":"on","_et_pb_old_content":"<!-- wp:divi\/placeholder \/-->","_et_gb_content_width":"","footnotes":""},"class_list":["post-120","page","type-page","status-publish","hentry"],"_links":{"self":[{"href":"https:\/\/lyradelalyre.com\/index.php\/wp-json\/wp\/v2\/pages\/120","targetHints":{"allow":["GET"]}}],"collection":[{"href":"https:\/\/lyradelalyre.com\/index.php\/wp-json\/wp\/v2\/pages"}],"about":[{"href":"https:\/\/lyradelalyre.com\/index.php\/wp-json\/wp\/v2\/types\/page"}],"author":[{"embeddable":true,"href":"https:\/\/lyradelalyre.com\/index.php\/wp-json\/wp\/v2\/users\/1"}],"replies":[{"embeddable":true,"href":"https:\/\/lyradelalyre.com\/index.php\/wp-json\/wp\/v2\/comments?post=120"}],"version-history":[{"count":7,"href":"https:\/\/lyradelalyre.com\/index.php\/wp-json\/wp\/v2\/pages\/120\/revisions"}],"predecessor-version":[{"id":701,"href":"https:\/\/lyradelalyre.com\/index.php\/wp-json\/wp\/v2\/pages\/120\/revisions\/701"}],"wp:attachment":[{"href":"https:\/\/lyradelalyre.com\/index.php\/wp-json\/wp\/v2\/media?parent=120"}],"curies":[{"name":"wp","href":"https:\/\/api.w.org\/{rel}","templated":true}]}}